what is -100 + -1000110111?
-1000111011
In base 15, what is 7 + 231?
238
In base 6, what is -351 - 3?
-354
In base 2, what is 11110110 + -101?
11110001
In base 3, what is 12 + -100020?
-100001
In base 8, what is -1 + 4?
3
In base 4, what is 0 - -23132?
23132
In base 10, what is 2 + 43?
45
In base 11, what is -5 + -53?
-58
In base 16, what is eb8 - 0?
eb8
In base 14, what is 5 + a3a?
a41
In base 4, what is -122 + 1012?
230
In base 15, what is -3 + -b6?
-b9
In base 4, what is -223 + -13?
-302
In base 9, what is 4 + 82?
86
In base 11, what is -17 + -23?
-3a
In base 10, what is -11 + -248?
-259
In base 6, what is -4 + -331?
-335
In base 12, what is 113 + -1?
112
In base 7, what is -5 + -1315?
-1323
In base 15, what is -60 - -13?
-4c
In base 2, what is -101 - -11101100?
11100111
In base 2, what is -100 + 1000010?
111110
In base 12, what is -5 + 189?
184
In base 13, what is -660b + 1?
-660a
In base 7, what is -1 - 116?
-120
In base 5, what is -2 + 12104?
12102
In base 6, what is 31 + -204?
-133
In base 11, what is 3 - -15a?
162
In base 10, what is -38 + 7?
-31
In base 4, what is 0 + 220312?
220312
In base 3, what is 100200 - -11?
100211
In base 3, what is -12202221 - -2?
-12202212
In base 4, what is -210120 + 0?
-210120
In base 8, what is 232 - -302?
534
In base 13, what is 673 + -2?
671
In base 16, what is 1486 - 5?
1481
In base 5, what is -4 + 414?
410
In base 5, what is 140 - 1?
134
In base 6, what is 105 + 4?
113
In base 2, what is 1001001111101 - -1?
1001001111110
In base 4, what is 1302 - -11?
1313
In base 11, what is 104 + 1a?
123
In base 3, what is -1121 + -112?
-2010
In base 14, what is 2 - -9?
b
In base 7, what is 21441 - -4?
21445
In base 10, what is 628 + 4?
632
In base 14, what is -342 + 2?
-340
In base 4, what is -3 + 0?
-3
In base 8, what is 0 - 15?
-15
In base 11, what is 2a0 - 5?
296
In base 6, what is 21 + 20?
41
In base 2, what is -10111001 + 0?
-10111001
In base 7, what is 1660 - 2?
1655
In base 8, what is -1 + 663?
662
In base 13, what is 6a8 - -4?
6ac
In base 15, what is -14 + 232?
21d
In base 8, what is 376 + 4?
402
In base 9, what is -31 + 8?
-22
In base 6, what is -10 - -2232?
2222
In base 6, what is -23 + -154?
-221
In base 3, what is 20 + 110000?
110020
In base 15, what is -1a41 - -3?
-1a3d
In base 15, what is -8 + -29?
-32
In base 4, what is 10 + 1323?
1333
In base 9, what is 15 + 20?
35
In base 12, what is 5 - 668?
-663
In base 6, what is -44 - -10?
-34
In base 2, what is -1001000011 - -1?
-1001000010
In base 16, what is -25e1 - -4?
-25dd
In base 6, what is 11 + 35?
50
In base 15, what is 7c8 - 5?
7c3
In base 3, what is -2 + 10101111?
10101102
In base 12, what is -1391 + 4?
-1389
In base 16, what is 990 + -3?
98d
In base 14, what is -3 + 1322?
131d
In base 2, what is 101111011 - 1011?
101110000
In base 5, what is -4 - 12202?
-12211
In base 5, what is 3 - -23?
31
In base 16, what is 1e + -1?
1d
In base 12, what is 5 - 467?
-462
In base 15, what is 1 + 191?
192
In base 14, what is -2 + -81?
-83
In base 15, what is -2a - -1b?
-e
In base 6, what is -4 + -13?
-21
In base 4, what is 203020 + 1?
203021
In base 3, what is -12 + -110222?
-111011
In base 4, what is -1033033 + 0?
-1033033
In base 12, what is 5 + 171?
176
In base 2, what is 11 - 10010?
-1111
In base 6, what is 1523 - 3?
1520
In base 7, what is 65 - -4?
102
In base 2, what is -101010111011 + 10?
-101010111001
In base 11, what is -288 + a?
-279
In base 12, what is -113 - -1?
-112
In base 2, what is -10011101100101 + 10?
-10011101100011
In base 9, what is -2 + -122?
-124
In base 15, what is -b - 17b?
-187
In base 11, what is -499 + -3?
-4a1
In base 7, what is -10 + 2?
-5
In base 14, what is -5 + cd7?
cd2
In base 7, what is -22 + 30?
5
In base 3, what is -111220 + 1002?
-110211
In base 12, what is 7 + -280?
-275
In base 12, what is 12 + 61?
73
In base 16, what is ea - 2?
e8
In base 6, what is 513 + -141?
332
In base 11, what is 23 - 8?
16
In base 9, what is -3 + -203?
-206
In base 2, what is -10101 - -100?
-10001
In base 11, what is 74a + 0?
74a
In base 2, what is 100 - -10010110011?
10010110111
In base 5, what is -220343 - -2?
-220341
In base 7, what is -5 + 535?
530
In base 2, what is 111 - 10011001110?
-10011000111
In base 12, what is -3 + -1b?
-22
In base 10, what is 3 - 312?
-309
In base 10, what is -413 - 10?
-423
In base 13, what is 146b - -3?
1471
In base 7, what is -433 - -2?
-431
In base 7, what is -4 - 424?
-431
In base 6, what is 11 + -2234?
-2223
In base 13, what is -34 - 18?
-4c
In base 7, what is 2 - -15?
20
In base 7, what is -5 - 201?
-206
In base 11, what is 98 - 0?
98
In base 13, what is -1 - -46?
45
In base 5, what is 3 + -123?
-120
In base 6, what is -2042 + 5?
-2033
In base 12, what is -231 + 5?
-228
In base 14, what is -3 - 199?
-19c
In base 9, what is -4 - 227?
-232
In base 10, what is 2 + -10?
-8
In base 14, what is 3 - cb?
-c8
In base 8, what is 45 + 27?
74
In base 8, what is -3015 - -3?
-3012
In base 7, what is 4 - -1161?
1165
In base 13, what is 15c + -2?
15a
In base 6, what is 33 + 222?
255
In base 3, what is -1110 + 12?
-1021
In base 3, what is 21 + 10220?
11011
In base 13, what is 136 + -4?
132
In base 11, what is -316 - -16?
-300
In base 16, what is 5 + 60?
65
In base 5, what is 3 - 1?
2
In base 2, what is 111100010011 - -101?
111100011000
In base 6, what is -403 - 30?
-433
In base 14, what is dca - 1?
dc9
In base 10, what is -1 - -339?
338
In base 4, what is 1001233 - 0?
1001233
In base 12, what is -316 + -4?
-31a
In base 8, what is 16 + 3?
21
In base 10, what is -8 + 32?
24
In base 16, what is 207b + -2?
2079
In base 8, what is 1 + 12?
13
In base 8, what is 14 - 166?
-152
In base 4, what is -130 - 101?
-231
In base 15, what is 28 - 44?
-1b
In base 2, what is 101100010 - -11?
101100101
In base 7, what is 3 + 225?
231
In base 12, what is -19a - -b?
-18b
In base 16, what is -2 - -65a?
658
In base 11, what is -262 + 2?
-260
In base 10, what is 5 - -693?
698
In base 13, what is acc - -2?
b01
In base 12, what is -3059 + -3?
-3060
In base 9, what is -5 - -110?
104
In base 15, what is b8bb + 0?
b8bb
In base 15, what is -70 - 5?
-75
In base 11, what is -1061 + -4?
-1065
In base 6, what is -2044 + -13?
-2101
In base 2, what is -100011100 - 10?
-100011110
In base 10, what is -9587 + 3?
-9584
In base 3, what is -1220 + -11?
-2001
In base 10, what is 83 + -96?
-13
In base 4, what is 31332 + 0?
31332
In base 13, what is 1a33 + -2?
1a31
In base 2, what is 110 - -1100000100?
1100001010
In base 5, what is -12111 - 2?
-12113
In base 12, what is 2 + -1143?
-1141
In base 16, what is 11 - 1e5?
-1d4
In base 14, what is 13 + 10?
23
In base 10, what is 3 + 15?
18
In base 12, what is b - -2?
11
In base 7, what is 14 + -2222?
-2205
In base 15, what is 7b1 + 5?
7b6
In base 12, what is a59 + 0?
a59
In base 6, what is -255 - 4?
-303
In base 11, what is -21 - 39?
-5a
In base 4, what is 111 + -100?
11
In base 5, what is -20 + -4011?
-4031
In base 16, what is b + -16?
-b
In base 3, what is 11 + -211?
-200
In base 6, what is -2240 - -3?
-2233
In base 9, what is -32 - 34?
-66
In base 13, what is 5 - -361?
366
In base 6, what is 3 - 1225?
-1222
In base 11, what is -35 - 11?
-46
In base 6, what is -123254 - -3?
-123251
In base 14, what is -d9 - 5?
-100
In base 11, what is -5 - -107?
102
In base 10, what is 13 + -16?
-3
In base 13, what is -b2 + -24?
-106
In base 5, what is 10 + -2133?
-2123
In base 7, what is -3 + -521?
-524
In base 14, what is -203b + -5?
-2042
In base 14, what is -16 + 25?
d
In base 6, what is 2545 - -2?
2551
In base 15, what is -4ce - 0?
-4ce
In base 2, what is -1011 + -1011110100?
-1011111111
In base 8, what is -4 - 3626?
-3632
In base 7, what is -10 - 620?
-630
In base 5, what is -14 - -203?
134
In base 8, what is -10 + -3753?
-3763
In base 4, what is 3 + 320?
323
In base 6, what is -1 - -5341?
5340
In base 10, what is 2627 - 2?
2625
In base 9, what is 102 + 2?
104
In base 10, what is -4 + 371?
367
In base 12, what is 27 + -285?
-25a
In base 14, what is -22 - 1?
-23
In base 10, what is 1167 + -6?
1161
In base 10, what is 123 + -27?
96
In base 16, what is -151 - 1?
-152
In base 10, what is -7 - -2?
-5
In base 6, what is -3402 + 4?
-3354
In base 11, what is 3 + 214?
217
In base 2, what is 111001111 + 101?
111010100
In base 4, what is -12 + -2?
-20